3219 = 3*z + g, -3038 = -4*z - 3*g + 1259. What are the prime factors of z?
2, 67
Let u be 304/10 + ((-96)/30)/8. What are the prime factors of 1752/(-15)*(-75)/u?
2, 73
Let t = -77 - -38. Let b = t - -24. What are the prime factors of (0 - 2364/(-21)) + b/(-35)?
113
Let p(g) = 7*g**3 + 29*g**2 + 14*g - 10. Let d(f) = -f**3 - f**2 + 1. Let o(t) = 6*d(t) + p(t). What are the prime factors of o(-22)?
2, 43
Let i = 281 + -273. Suppose -w = -3*w - i, -2*r = -4*w - 144. List the prime factors of r.
2
Let i(h) = 984*h**3 - 5*h**2 - 18*h + 14. List the prime factors of i(3).
71, 373
Let b = 2365 - 1477. Suppose -b = -0*y + 6*y. Let n = y - -287. What are the prime factors of n?
139
Let r = -66 - -71. List the prime factors of 607 - (-16)/(r - 9).
3, 67
Let f = 35 - 32. What are the prime factors of (-2)/f*(-7065)/10?
3, 157
Let i(x) = 1094*x**2 - 39*x + 3. What are the prime factors of i(-2)?
4457
Suppose 3*d - 3*o - 8232 = 27363, 2*o = -3*d + 35570. List the prime factors of d.
2, 5, 593
Suppose 4*k - 12147 = 3*k + 11934. List the prime factors of k.
3, 23, 349
Suppose 861 = 84*i - 628354 - 4182137. What are the prime factors of i?
2, 13, 2203
Let s(h) = 2*h**2 - 2*h - 267. Let x(i) = -5*i**2 + 6*i + 800. Let p(q) = 8*s(q) + 3*x(q). List the prime factors of p(0).
2, 3, 11
Suppose 2*w - 8*v + 3*v = -2848, -v = 0. Let c = w + 2034. List the prime factors of c.
2, 5, 61
Suppose -4*j - 2*s = -s - 128, 3*s + 64 = 2*j. Suppose -3*v - v + j = 0. Suppose -p + 279 = v*p. List the prime factors of p.
31
Let y = 313 + -476. Let d = y + 184. What are the prime factors of d?
3, 7
Suppose 6 = -3*q, 2*l = 5*q + 24 + 16. Suppose l*b = 18*b - 2175. What are the prime factors of b?
5, 29
Suppose 86 - 18 = 3*r - 4*u, 49 = 2*r + u. Let y(t) = t**3 - 25*t**2 + 61*t + 59. List the prime factors of y(r).
947
Let x(p) = 719*p**2 - 335*p - 1708. List the prime factors of x(-5).
2, 8971
Let z = 37 - 41. Let y be (9/(-15))/(z/620). Suppose 5*o - 2*o = y. What are the prime factors of o?
31
Let k = 251 - 238. Suppose 5*u - 2 = k, 0 = 5*n + 2*u - 1316. List the prime factors of n.
2, 131
Suppose -2*r - 3*z = -2*z - 2, -8 = -r + 3*z. Suppose r*s = -5*o - s + 4143, s - 1657 = -2*o. Suppose 0 = 5*q - 14*q + o. List the prime factors of q.
2, 23
Suppose 5*z = 2*f - 2639, 0 = 12*z - 8*z - 20. Suppose 39*m - 35*m - f = 0. List the prime factors of m.
3, 37
Let w = -34202 + 59529. List the prime factors of w.
19, 31, 43
Let x(b) = 26*b**3 + 9*b**2 + 7*b + 15. Let m(k) = 9*k**3 + 3*k**2 + 2*k + 5. Let s(v) = 8*m(v) - 3*x(v). List the prime factors of s(-4).
3, 13
Suppose 5*d + 60 = 680. Let b be (8/(-6))/(7/(-21)) - 1. Suppose -d = -b*h - 37. List the prime factors of h.
29
Let x = -127 - -2859. Suppose 0 = -w - 0*w - 4*p + 683, 4*w - x = p. What are the prime factors of w?
683
List the prime factors of 405/135 - (-5741 + 0).
2, 359
Suppose 15*j - 41 - 4 = 0. Suppose 3*l - i - 2190 = -j*i, -2910 = -4*l - 6*i. What are the prime factors of l?
2, 3, 61
Suppose -g + 0*g - 11 = 0. Let i = g - -9. What are the prime factors of (-1)/(-1)*(i + 232/4)?
2, 7
Let v = 68005 - 12918. What are the prime factors of v?
31, 1777
Suppose 3*p + 4*f - 80712 = 0, 0 = p - 2*f - 9186 - 17698. What are the prime factors of p?
2, 41
List the prime factors of 24/(-56) - (-9745)/35.
2, 139
Let l(p) = -1106*p - 8295. List the prime factors of l(-33).
3, 7, 17, 79
Let i(w) = 0 - 5 - 94*w + 1. Let q be i(-4). Suppose -4*p = -420 - q. What are the prime factors of p?
2, 3, 11
Let v(i) = -51*i + 78. What are the prime factors of v(-13)?
3, 13, 19
Let n(q) = q**3 + 8*q**2 - 2*q - 8. Suppose -8 - 32 = 5*b. Let x be n(b). Suppose -2*c = 2*m - 20 - x, c + 10 = 5*m. List the prime factors of c.
2, 5
Let a = 44962 + -31523. What are the prime factors of a?
89, 151
Let v = 41 + -6. Suppose -2*t - v = -t. What are the prime factors of (-15)/t - (-1534)/14?
2, 5, 11
Let j(g) = 17*g**3 - 392*g**2 + 18*g + 109. List the prime factors of j(27).
2, 19, 1301
Let r be 32*-257 - 1 - -1. What are the prime factors of 343/(-245) - r/10?
821
What are the prime factors of (-12700)/(-8)*19/5*(-12)/(-10)?
3, 19, 127
Let r(w) = w**3 + 20*w**2 - 6*w - 17. List the prime factors of r(-12).
17, 71
Suppose -35 = -5*o + 25. Let x = o - -52. Suppose -2*s + x = -18. List the prime factors of s.
41
Let m = -194 + 159. What are the prime factors of ((-4 - 1) + m)*-1?
2, 5
Let d be (-340)/(-8)*(-44)/(-5). Suppose 9*s = 3*h + 12*s - 1170, -h + d = -3*s. What are the prime factors of h?
2, 193
Let k be (2 - 1140/18)*(-9)/(-2). Let t = k - -974. What are the prime factors of t?
2, 349
Let v be 10/8*1*(-4)/(-1). Let t be (-21)/(-9) + 2/3. Suppose t*x + v*h = 280, 4*h - 260 = -4*x + 116. What are the prime factors of x?
5, 19
Suppose 4*k - 89 = 87. Let i = -48 + k. Let l(p) = -2*p**3 - p**2 + 3*p. List the prime factors of l(i).
2, 5
Suppose -29*g + 13*g + 5*g = -303556. List the prime factors of g.
2, 6899
Suppose 251*b - 11507705 = -576*b. What are the prime factors of b?
5, 11, 23
Suppose 2122 + 9627 = 14*l - 187709. What are the prime factors of l?
3, 1583
Let k(g) = g**2 - 5*g - 6. Let a(p) = p - 1. Let f(y) = -y**2 + 3*y + 2. Let l(m) = 4*a(m) + f(m). Let o be l(7). List the prime factors of k(o).
2
Let k(d) = 2*d**2 + 53*d - 12. Let z be k(-27). Suppose -2*o = -5*b + 2407, 4*b - 13*o - 1922 = -z*o. List the prime factors of b.
13, 37
Suppose -3*w = 3*z + 2514, 6*w + 2500 = 3*w + 4*z. Let p = w - -1564. What are the prime factors of p?
2, 7, 13
Let g = 149572 + -104636. List the prime factors of g.
2, 41, 137
What are the prime factors of ((-763825)/300)/(5/(-60))?
30553
Suppose -405 = 8*x + 27. Let b = -34 - x. Let i = b + 28. List the prime factors of i.
2, 3
Let d = -11 - -9. Let p be (4 + -31)/(d*2/24). Suppose r = 10*r - p. List the prime factors of r.
2, 3
Let l(c) = -c**3 + 7*c**2 + 17. Let q be l(7). Let n = -14 + q. Let r(y) = -y**3 + 7*y**2 - y - 4. List the prime factors of r(n).
29
Let z(r) = -r**2 + 13*r - 7. Suppose -2*m + 7*h = 3*h - 6, 0 = 4*m - 4*h - 12. Suppose m = u - 2. What are the prime factors of z(u)?
3, 11
Let n(b) = b**3 - 6*b**2 - 2*b + 8. Let l be n(6). Let g be ((-3)/(-3))/(l/(-176)) + 1. Suppose 5*h = 795 - g. What are the prime factors of h?
2, 3, 5
Let d(m) = -1 - 9 + m**2 + m**2. Let p be (-36)/10 + (72/(-40))/(-3). What are the prime factors of d(p)?
2
Let i(l) = 2*l + 57. Let o be i(-27). Suppose -o*a + 668 = -v, 4*a - 757 - 139 = 4*v. List the prime factors of a.
2, 3, 37
Suppose -35*s = -61194 - 55470 - 166. List the prime factors of s.
2, 1669
Let p(d) = d**2 - 14*d + 19. Suppose 3*g - 7*g - 28 = 2*o, 3*o = 5*g - 75. List the prime factors of p(o).
3, 233
What are the prime factors of -13 + 3168/143 + -9 + (-1068128)/(-26)?
2, 3, 41, 167
Suppose -4*t = -1 + 5, 4*c = -4*t + 1004. Suppose -5*s + 493 = -c. List the prime factors of s.
149
Let w(s) = 241*s - 5 - 218*s - 4. Let y(g) = 47*g - 19. Let l(a) = -11*w(a) + 6*y(a). What are the prime factors of l(4)?
101
Suppose 361 = -3*x - 320. Let o = 18 - x. Let a = 30 + o. List the prime factors of a.
5, 11
Let l(j) = j**2 + 26*j + 78. Let z be l(-23). Suppose -2*d + 4*g + 131 = z, -2*d - 3*g + 108 = 0. List the prime factors of d.
3, 19
Let g(k) = 19*k**2 + 7*k + 86. Let r be g(-13). Suppose 0 = -5*l + r - 96. List the prime factors of l.
2, 311
Let v(j) = -257*j - 16. Let u be v(-3). Suppose p + 4*t = -4*p + u, 10 = 2*t. Suppose 3*a - 108 = p. List the prime factors of a.
5, 17
Let y(a) = -45 - 2*a**2 + 87 - 60 - 42*a. List the prime factors of y(-18).
2, 3, 5
Let a(v) = v - 2. Let f be a(7). Suppose c - 312 = -5*c + 2*c. Suppose -4*h + b = -127, -c = -2*h - f*b + 13. List the prime factors of h.
3, 11
Let q(f) = 4118*f**2 - 214*f + 637. What are the prime factors of q(3)?
37057
Suppose -3 = -j, -2474 = -3*k - 3*j + 2791. Suppose 16*f - k = 40. List the prime factors of f.
2, 7
Let o(n) = -n**2 - 14*n - 35. Let r be o(-10). Suppose -4*y = 0, 0*y - r*y = z - 393. What are the prime factors of z?
3, 131
Let b be (-4)/6 + (-1675)/(-15). Let m(p) = 5*p**3 + 2*p**2 - 22*p + 18. Let y be m(1). What are the prime factors of (-74)/b - 77*(-7)/y?
179
Suppose 0 = 2*l - 4, -2*x - 3*l + 932 = -2*l. Let b = -202 + x. What are the prime factors of b?
263
Let w = -19218 + 4